{"id":3,"date":"2020-10-20T11:20:46","date_gmt":"2020-10-20T11:20:46","guid":{"rendered":"https:\/\/cafemontanha.com\/?page_id=3"},"modified":"2024-03-15T16:34:49","modified_gmt":"2024-03-15T16:34:49","slug":"politica-de-privacidade","status":"publish","type":"page","link":"https:\/\/cafemontanha.com\/index.php\/politica-de-privacidade\/","title":{"rendered":"Pol\u00edtica de Privacidade"},"content":{"rendered":"<p>[cl_row css_style=&#8221;padding-top:45px|padding-bottom:45px&#8221; device_visibility=&#8221;`{`object Object`}`&#8221; css_style_991=&#8221;padding-top:45px|padding-bottom:45px&#8221; css_style_767=&#8221;padding-top:45px|padding-bottom:45px&#8221;][cl_column css_style=&#8221;padding-top:10px|padding-bottom:10px&#8221; device_visibility=&#8221;`{`object Object`}`&#8221; css_style_991=&#8221;padding-top:10px|padding-bottom:10px&#8221; css_style_767=&#8221;padding-top:10px|padding-bottom:10px&#8221;][cl_text custom_typography=&#8221;0&#8243; css_style=&#8221;margin-top:20px&#8221; custom_responsive_992_bool=&#8221;0&#8243; custom_responsive_768_bool=&#8221;0&#8243;]<\/p>\n<h2>Pol\u00edtica de Privacidade do Caf\u00e9 Montanha<\/h2>\n<p><strong>1. Introdu\u00e7\u00e3o<\/strong><\/p>\n<p>Bem-vindo ao Caf\u00e9 Montanha. A sua privacidade e a prote\u00e7\u00e3o dos seus dados pessoais s\u00e3o de grande import\u00e2ncia para n\u00f3s. Esta pol\u00edtica de privacidade destina-se a inform\u00e1-lo(a) sobre como recolhemos, usamos, divulgamos e protegemos os dados pessoais que voc\u00ea nos fornece ao utilizar o nosso site https:\/\/cafemontanha.com\/.<\/p>\n<p><strong>2. Respons\u00e1vel pelo Tratamento de Dados<\/strong><\/p>\n<p>O respons\u00e1vel pelo tratamento dos seus dados pessoais \u00e9 a Marques Batista &amp; Oliveira, Lda., com o NIF 501833846, situada no Largo Portagem 10\/2, 3000-337 COIMBRA, doravante referida como &#8220;Caf\u00e9 Montanha&#8221;, &#8220;n\u00f3s&#8221; ou &#8220;nosso(a)&#8221;.<\/p>\n<p><strong>3. Dados Recolhidos<\/strong><\/p>\n<p>Recolhemos dados pessoais que voc\u00ea nos fornece voluntariamente ao utilizar o nosso site, como nome, endere\u00e7o de e-mail, n\u00famero de telefone e quaisquer outros dados que possa fornecer nos formul\u00e1rios de contato ou ao enviar um email.<\/p>\n<p><strong>4. Finalidade do Tratamento<\/strong><\/p>\n<p>Os seus dados pessoais s\u00e3o recolhidos com as seguintes finalidades: processamento de pedidos, comunica\u00e7\u00e3o com clientes, melhoria da experi\u00eancia no site, e cumprimento de obriga\u00e7\u00f5es legais.<\/p>\n<p><strong>5. Direitos dos Titulares dos Dados<\/strong><\/p>\n<p>De acordo com o RGPD, voc\u00ea tem o direito de aceder, retificar, apagar, limitar o tratamento, opor-se ao tratamento e solicitar a portabilidade dos seus dados pessoais. Para exercer estes direitos, por favor, contacte-nos atrav\u00e9s dos detalhes fornecidos na sec\u00e7\u00e3o &#8220;Contactos&#8221;.<\/p>\n<p><strong>6. Seguran\u00e7a dos Dados<\/strong><\/p>\n<p>Empregamos medidas t\u00e9cnicas e organizacionais para proteger os seus dados pessoais contra a perda, roubo e uso n\u00e3o autorizado, divulga\u00e7\u00e3o ou modifica\u00e7\u00e3o.<\/p>\n<p><strong>7. Partilha de Dados<\/strong><\/p>\n<p>N\u00e3o partilhamos os seus dados pessoais com terceiros, exceto conforme necess\u00e1rio para o processamento de pedidos, cumprimento de obriga\u00e7\u00f5es legais ou com o seu consentimento expl\u00edcito.<\/p>\n<p><strong>8. Altera\u00e7\u00f5es \u00e0 Pol\u00edtica de Privacidade<\/strong><\/p>\n<p>Reservamo-nos o direito de alterar esta pol\u00edtica de privacidade a qualquer momento. Qualquer altera\u00e7\u00e3o ser\u00e1 publicada no nosso site e entrar\u00e1 em vigor imediatamente.<\/p>\n<p><strong>9. Contactos<\/strong><\/p>\n<p>Para qualquer quest\u00e3o relacionada com esta pol\u00edtica de privacidade ou com o tratamento dos seus dados pessoais, por favor, contacte-nos atrav\u00e9s de cafemontanhacoimbra@gmail.com ou pelo telefone 239823475 (custo de chamada para a rede fixa nacional).<\/p>\n<p>&nbsp;<\/p>\n<p>[\/cl_text][\/cl_column][\/cl_row]<\/p>\n","protected":false},"excerpt":{"rendered":"<p>[cl_row css_style=&#8221;padding-top:45px|padding-bottom:45px&#8221; device_visibility=&#8221;`{`object Object`}`&#8221; css_style_991=&#8221;padding-top:45px|padding-bottom:45px&#8221; css_style_767=&#8221;padding-top:45px|padding-bottom:45px&#8221;][cl_column css_style=&#8221;padding-top:10px|padding-bottom:10px&#8221; device_visibility=&#8221;`{`object Object`}`&#8221; css_style_991=&#8221;padding-top:10px|padding-bottom:10px&#8221; css_style_767=&#8221;padding-top:10px|padding-bottom:10px&#8221;][cl_text custom_typography=&#8221;0&#8243; css_style=&#8221;margin-top:20px&#8221; custom_responsive_992_bool=&#8221;0&#8243; custom_responsive_768_bool=&#8221;0&#8243;] Pol\u00edtica de Privacidade do Caf\u00e9 Montanha 1. Introdu\u00e7\u00e3o Bem-vindo ao Caf\u00e9 Montanha. A sua privacidade e a prote\u00e7\u00e3o dos seus dados pessoais s\u00e3o de grande import\u00e2ncia para n\u00f3s. Esta pol\u00edtica de privacidade destina-se a inform\u00e1-lo(a) sobre como recolhemos, usamos, divulgamos e protegemos os dados pessoais que voc\u00ea nos fornece ao utilizar o nosso site https:\/\/cafemontanha.com\/. 2. Respons\u00e1vel pelo Tratamento de Dados O respons\u00e1vel pelo tratamento dos seus dados pessoais \u00e9 a Marques Batista &amp; Oliveira, Lda., com o NIF 501833846, situada no Largo Portagem 10\/2, 3000-337 COIMBRA, doravante referida como &#8220;Caf\u00e9 Montanha&#8221;, &#8220;n\u00f3s&#8221; ou &#8220;nosso(a)&#8221;. 3. Dados Recolhidos Recolhemos dados pessoais que voc\u00ea nos fornece voluntariamente ao utilizar o nosso site, como nome, endere\u00e7o de e-mail, n\u00famero de telefone e quaisquer outros dados que possa fornecer nos formul\u00e1rios de contato ou ao enviar um email. 4. Finalidade do Tratamento Os seus dados pessoais s\u00e3o recolhidos com as seguintes finalidades: processamento de pedidos, comunica\u00e7\u00e3o com clientes, melhoria da experi\u00eancia no site, e cumprimento de obriga\u00e7\u00f5es legais. 5. Direitos dos Titulares dos Dados De acordo com o RGPD, voc\u00ea tem o direito de aceder, retificar, apagar, limitar [&hellip;]<\/p>\n","protected":false},"author":1,"featured_media":0,"parent":0,"menu_order":0,"comment_status":"closed","ping_status":"open","template":"","meta":[],"_links":{"self":[{"href":"https:\/\/cafemontanha.com\/index.php\/wp-json\/wp\/v2\/pages\/3"}],"collection":[{"href":"https:\/\/cafemontanha.com\/index.php\/wp-json\/wp\/v2\/pages"}],"about":[{"href":"https:\/\/cafemontanha.com\/index.php\/wp-json\/wp\/v2\/types\/page"}],"author":[{"embeddable":true,"href":"https:\/\/cafemontanha.com\/index.php\/wp-json\/wp\/v2\/users\/1"}],"replies":[{"embeddable":true,"href":"https:\/\/cafemontanha.com\/index.php\/wp-json\/wp\/v2\/comments?post=3"}],"version-history":[{"count":1,"href":"https:\/\/cafemontanha.com\/index.php\/wp-json\/wp\/v2\/pages\/3\/revisions"}],"predecessor-version":[{"id":1237,"href":"https:\/\/cafemontanha.com\/index.php\/wp-json\/wp\/v2\/pages\/3\/revisions\/1237"}],"wp:attachment":[{"href":"https:\/\/cafemontanha.com\/index.php\/wp-json\/wp\/v2\/media?parent=3"}],"curies":[{"name":"wp","href":"https:\/\/api.w.org\/{rel}","templated":true}]}}

Política de Privacidade

<p>[cl_row css_style=&#8221;padding-top:45px|padding-bottom:45px&#8221; device_visibility=&#8221;`{`object Object`}`&#8221; css_style_991=&#8221;padding-top:45px|padding-bottom:45px&#8221; css_style_767=&#8221;padding-top:45px|padding-bottom:45px&#8221;][cl_column css_style=&#8221;padding-top:10px|padding-bottom:10px&#8221; device_visibility=&#8221;`{`object Object`}`&#8221; css_style_991=&#8221;padding-top:10px|padding-bottom:10px&#8221; css_style_767=&#8221;padding-top:10px|padding-bottom:10px&#8221;][cl_text custom_typography=&#8221;0&#8243; css_style=&#8221;margin-top:20px&#8221; custom_responsive_992_bool=&#8221;0&#8243; custom_responsive_768_bool=&#8221;0&#8243;]</p>
<h2>Política de Privacidade do Café Montanha</h2>
<p><strong>1. Introdução</strong></p>
<p>Bem-vindo ao Café Montanha. A sua privacidade e a proteção dos seus dados pessoais são de grande importância para nós. Esta política de privacidade destina-se a informá-lo(a) sobre como recolhemos, usamos, divulgamos e protegemos os dados pessoais que você nos fornece ao utilizar o nosso site https://cafemontanha.com/.</p>
<p><strong>2. Responsável pelo Tratamento de Dados</strong></p>
<p>O responsável pelo tratamento dos seus dados pessoais é a Marques Batista &amp; Oliveira, Lda., com o NIF 501833846, situada no Largo Portagem 10/2, 3000-337 COIMBRA, doravante referida como &#8220;Café Montanha&#8221;, &#8220;nós&#8221; ou &#8220;nosso(a)&#8221;.</p>
<p><strong>3. Dados Recolhidos</strong></p>
<p>Recolhemos dados pessoais que você nos fornece voluntariamente ao utilizar o nosso site, como nome, endereço de e-mail, número de telefone e quaisquer outros dados que possa fornecer nos formulários de contato ou ao enviar um email.</p>
<p><strong>4. Finalidade do Tratamento</strong></p>
<p>Os seus dados pessoais são recolhidos com as seguintes finalidades: processamento de pedidos, comunicação com clientes, melhoria da experiência no site, e cumprimento de obrigações legais.</p>
<p><strong>5. Direitos dos Titulares dos Dados</strong></p>
<p>De acordo com o RGPD, você tem o direito de aceder, retificar, apagar, limitar o tratamento, opor-se ao tratamento e solicitar a portabilidade dos seus dados pessoais. Para exercer estes direitos, por favor, contacte-nos através dos detalhes fornecidos na secção &#8220;Contactos&#8221;.</p>
<p><strong>6. Segurança dos Dados</strong></p>
<p>Empregamos medidas técnicas e organizacionais para proteger os seus dados pessoais contra a perda, roubo e uso não autorizado, divulgação ou modificação.</p>
<p><strong>7. Partilha de Dados</strong></p>
<p>Não partilhamos os seus dados pessoais com terceiros, exceto conforme necessário para o processamento de pedidos, cumprimento de obrigações legais ou com o seu consentimento explícito.</p>
<p><strong>8. Alterações à Política de Privacidade</strong></p>
<p>Reservamo-nos o direito de alterar esta política de privacidade a qualquer momento. Qualquer alteração será publicada no nosso site e entrará em vigor imediatamente.</p>
<p><strong>9. Contactos</strong></p>
<p>Para qualquer questão relacionada com esta política de privacidade ou com o tratamento dos seus dados pessoais, por favor, contacte-nos através de cafemontanhacoimbra@gmail.com ou pelo telefone 239823475 (custo de chamada para a rede fixa nacional).</p>
<p>&nbsp;</p>
<p>[/cl_text][/cl_column][/cl_row]</p>

<p>[cl_row css_style=&#8221;padding-top:45px|padding-bottom:45px&#8221; device_visibility=&#8221;`{`object Object`}`&#8221; css_style_991=&#8221;padding-top:45px|padding-bottom:45px&#8221; css_style_767=&#8221;padding-top:45px|padding-bottom:45px&#8221;][cl_column css_style=&#8221;padding-top:10px|padding-bottom:10px&#8221; device_visibility=&#8221;`{`object Object`}`&#8221; css_style_991=&#8221;padding-top:10px|padding-bottom:10px&#8221; css_style_767=&#8221;padding-top:10px|padding-bottom:10px&#8221;][cl_text custom_typography=&#8221;0&#8243; css_style=&#8221;margin-top:20px&#8221; custom_responsive_992_bool=&#8221;0&#8243; custom_responsive_768_bool=&#8221;0&#8243;] Política de Privacidade do Café Montanha 1. Introdução Bem-vindo ao Café Montanha. A sua privacidade e a proteção dos seus dados pessoais são de grande importância para nós. Esta política de privacidade destina-se a informá-lo(a) sobre como recolhemos, usamos, divulgamos e protegemos os dados pessoais que você nos fornece ao utilizar o nosso site https://cafemontanha.com/. 2. Responsável pelo Tratamento de Dados O responsável pelo tratamento dos seus dados pessoais é a Marques Batista &amp; Oliveira, Lda., com o NIF 501833846, situada no Largo Portagem 10/2, 3000-337 COIMBRA, doravante referida como &#8220;Café Montanha&#8221;, &#8220;nós&#8221; ou &#8220;nosso(a)&#8221;. 3. Dados Recolhidos Recolhemos dados pessoais que você nos fornece voluntariamente ao utilizar o nosso site, como nome, endereço de e-mail, número de telefone e quaisquer outros dados que possa fornecer nos formulários de contato ou ao enviar um email. 4. Finalidade do Tratamento Os seus dados pessoais são recolhidos com as seguintes finalidades: processamento de pedidos, comunicação com clientes, melhoria da experiência no site, e cumprimento de obrigações legais. 5. Direitos dos Titulares dos Dados De acordo com o RGPD, você tem o direito de aceder, retificar, apagar, limitar [&hellip;]</p>
